{"id":13150,"date":"2025-02-11T14:54:55","date_gmt":"2025-02-11T11:54:55","guid":{"rendered":"https:\/\/ticino-piese-auto.ro\/?post_type=product&#038;p=13150"},"modified":"2025-04-30T11:06:13","modified_gmt":"2025-04-30T08:06:13","slug":"grila-radiator-superioara-bara-fata-nissan-x-trail-t32","status":"publish","type":"product","link":"https:\/\/ticino-piese-auto.ro\/?product=grila-radiator-superioara-bara-fata-nissan-x-trail-t32","title":{"rendered":"Gril\u0103 radiator superioar\u0103 bara fa\u021b\u0103 Nissan X-Trail T32"},"content":{"rendered":"<p>Gril\u0103 radiator superioar\u0103 bara fa\u021b\u0103 Nissan X-Trail T32<\/p>\n<p>Cod produs NS0181C00WC01<\/p>\n<p>Produs nou original<\/p>\n","protected":false},"excerpt":{"rendered":"<p>Gril\u0103 radiator superioar\u0103 bara fa\u021b\u0103 Nissan X-Trail T32 Cod produs NS0181C00WC01 Produs nou original<\/p>\n","protected":false},"featured_media":13151,"template":"","meta":[],"product_cat":[205],"product_tag":[],"class_list":{"0":"post-13150","1":"product","2":"type-product","3":"status-publish","4":"has-post-thumbnail","6":"product_brand-nissan","7":"product_cat-grilaj-bara-fata","9":"first","10":"instock","11":"sale","12":"sold-individually","13":"taxable","14":"shipping-taxable","15":"purchasable","16":"product-type-simple"},"_links":{"self":[{"href":"https:\/\/ticino-piese-auto.ro\/index.php?rest_route=\/wp\/v2\/product\/13150","targetHints":{"allow":["GET"]}}],"collection":[{"href":"https:\/\/ticino-piese-auto.ro\/index.php?rest_route=\/wp\/v2\/product"}],"about":[{"href":"https:\/\/ticino-piese-auto.ro\/index.php?rest_route=\/wp\/v2\/types\/product"}],"wp:featuredmedia":[{"embeddable":true,"href":"https:\/\/ticino-piese-auto.ro\/index.php?rest_route=\/wp\/v2\/media\/13151"}],"wp:attachment":[{"href":"https:\/\/ticino-piese-auto.ro\/index.php?rest_route=%2Fwp%2Fv2%2Fmedia&parent=13150"}],"wp:term":[{"taxonomy":"product_cat","embeddable":true,"href":"https:\/\/ticino-piese-auto.ro\/index.php?rest_route=%2Fwp%2Fv2%2Fproduct_cat&post=13150"},{"taxonomy":"product_tag","embeddable":true,"href":"https:\/\/ticino-piese-auto.ro\/index.php?rest_route=%2Fwp%2Fv2%2Fproduct_tag&post=13150"}],"curies":[{"name":"wp","href":"https:\/\/api.w.org\/{rel}","templated":true}]}}