{"id":13035,"date":"2025-02-07T15:20:56","date_gmt":"2025-02-07T12:20:56","guid":{"rendered":"https:\/\/ticino-piese-auto.ro\/?post_type=product&#038;p=13035"},"modified":"2025-04-23T14:33:07","modified_gmt":"2025-04-23T11:33:07","slug":"banda-de-protectie-centrala-bara-spate-mercedes-w203-cod-produs-a2038855321","status":"publish","type":"product","link":"https:\/\/ticino-piese-auto.ro\/?product=banda-de-protectie-centrala-bara-spate-mercedes-w203-cod-produs-a2038855321","title":{"rendered":"Band\u0103 de protec\u021bie central\u0103 bar\u0103 spate  Mercedes W203 Cod produs A2038855321"},"content":{"rendered":"<p>Band\u0103 de protec\u021bie central\u0103 bar\u0103 spate Mercedes W203<\/p>\n<p>Cod produs A2038855321<\/p>\n<p>Produs original<\/p>\n","protected":false},"excerpt":{"rendered":"<p>Band\u0103 de protec\u021bie central\u0103 bar\u0103 spate Mercedes W203 Cod produs A2038855321 Produs original<\/p>\n","protected":false},"featured_media":13037,"template":"","meta":[],"product_cat":[207],"product_tag":[],"class_list":{"0":"post-13035","1":"product","2":"type-product","3":"status-publish","4":"has-post-thumbnail","6":"product_brand-mercedes-2","7":"product_cat-bara-spate","9":"first","10":"instock","11":"sale","12":"taxable","13":"shipping-taxable","14":"purchasable","15":"product-type-simple"},"_links":{"self":[{"href":"https:\/\/ticino-piese-auto.ro\/index.php?rest_route=\/wp\/v2\/product\/13035","targetHints":{"allow":["GET"]}}],"collection":[{"href":"https:\/\/ticino-piese-auto.ro\/index.php?rest_route=\/wp\/v2\/product"}],"about":[{"href":"https:\/\/ticino-piese-auto.ro\/index.php?rest_route=\/wp\/v2\/types\/product"}],"wp:featuredmedia":[{"embeddable":true,"href":"https:\/\/ticino-piese-auto.ro\/index.php?rest_route=\/wp\/v2\/media\/13037"}],"wp:attachment":[{"href":"https:\/\/ticino-piese-auto.ro\/index.php?rest_route=%2Fwp%2Fv2%2Fmedia&parent=13035"}],"wp:term":[{"taxonomy":"product_cat","embeddable":true,"href":"https:\/\/ticino-piese-auto.ro\/index.php?rest_route=%2Fwp%2Fv2%2Fproduct_cat&post=13035"},{"taxonomy":"product_tag","embeddable":true,"href":"https:\/\/ticino-piese-auto.ro\/index.php?rest_route=%2Fwp%2Fv2%2Fproduct_tag&post=13035"}],"curies":[{"name":"wp","href":"https:\/\/api.w.org\/{rel}","templated":true}]}}