{"id":12667,"date":"2025-01-29T12:23:02","date_gmt":"2025-01-29T09:23:02","guid":{"rendered":"https:\/\/ticino-piese-auto.ro\/?post_type=product&#038;p=12667"},"modified":"2025-04-23T14:32:31","modified_gmt":"2025-04-23T11:32:31","slug":"banda-bara-de-protectie-fata-dacia-sandero-ii","status":"publish","type":"product","link":"https:\/\/ticino-piese-auto.ro\/?product=banda-bara-de-protectie-fata-dacia-sandero-ii","title":{"rendered":"Band\u0103 bar\u0103 de protec\u021bie fa\u021b\u0103 Dacia Sandero II"},"content":{"rendered":"<p>Band\u0103 bar\u0103 de protec\u021bie fa\u021b\u0103 Dacia Sandero II<\/p>\n<p>Cod produs 6207884 14R<\/p>\n<p>Produs nou original<\/p>\n","protected":false},"excerpt":{"rendered":"<p>Band\u0103 bar\u0103 de protec\u021bie fa\u021b\u0103 Dacia Sandero II Cod produs 6207884 14R Produs nou original<\/p>\n","protected":false},"featured_media":12669,"template":"","meta":[],"product_cat":[938],"product_tag":[],"class_list":{"0":"post-12667","1":"product","2":"type-product","3":"status-publish","4":"has-post-thumbnail","6":"product_brand-dacia","7":"product_cat-bandou-2","9":"first","10":"instock","11":"sale","12":"sold-individually","13":"taxable","14":"shipping-taxable","15":"purchasable","16":"product-type-simple"},"_links":{"self":[{"href":"https:\/\/ticino-piese-auto.ro\/index.php?rest_route=\/wp\/v2\/product\/12667","targetHints":{"allow":["GET"]}}],"collection":[{"href":"https:\/\/ticino-piese-auto.ro\/index.php?rest_route=\/wp\/v2\/product"}],"about":[{"href":"https:\/\/ticino-piese-auto.ro\/index.php?rest_route=\/wp\/v2\/types\/product"}],"wp:featuredmedia":[{"embeddable":true,"href":"https:\/\/ticino-piese-auto.ro\/index.php?rest_route=\/wp\/v2\/media\/12669"}],"wp:attachment":[{"href":"https:\/\/ticino-piese-auto.ro\/index.php?rest_route=%2Fwp%2Fv2%2Fmedia&parent=12667"}],"wp:term":[{"taxonomy":"product_cat","embeddable":true,"href":"https:\/\/ticino-piese-auto.ro\/index.php?rest_route=%2Fwp%2Fv2%2Fproduct_cat&post=12667"},{"taxonomy":"product_tag","embeddable":true,"href":"https:\/\/ticino-piese-auto.ro\/index.php?rest_route=%2Fwp%2Fv2%2Fproduct_tag&post=12667"}],"curies":[{"name":"wp","href":"https:\/\/api.w.org\/{rel}","templated":true}]}}