{"id":4544,"date":"2020-02-25T17:21:15","date_gmt":"2020-02-25T08:21:15","guid":{"rendered":"https:\/\/demo.wpthemego.com\/themes\/sw_autusin\/demo6\/?page_id=4544"},"modified":"2024-06-18T21:43:57","modified_gmt":"2024-06-18T18:43:57","slug":"contact-us","status":"publish","type":"page","link":"https:\/\/ticino-piese-auto.ro\/?page_id=4544","title":{"rendered":"Contact"},"content":{"rendered":"\t\t<div data-elementor-type=\"wp-page\" data-elementor-id=\"4544\" class=\"elementor elementor-4544\" data-elementor-post-type=\"page\">\n\t\t\t\t\t\t<section class=\"elementor-section elementor-top-section elementor-element elementor-element-95af503 elementor-section-boxed elementor-section-height-default elementor-section-height-default\" data-id=\"95af503\" data-element_type=\"section\">\n\t\t\t\t\t\t<div class=\"elementor-container elementor-column-gap-default\">\n\t\t\t\t\t<div class=\"elementor-column elementor-col-50 elementor-top-column elementor-element elementor-element-66b7532\" data-id=\"66b7532\" data-element_type=\"column\">\n\t\t\t<div class=\"elementor-widget-wrap elementor-element-populated\">\n\t\t\t\t\t\t<div class=\"elementor-element elementor-element-1fe6bd2 elementor-widget elementor-widget-google_maps\" data-id=\"1fe6bd2\" data-element_type=\"widget\" data-widget_type=\"google_maps.default\">\n\t\t\t\t<div class=\"elementor-widget-container\">\n\t\t\t\t\t\t\t<div class=\"elementor-custom-embed\">\n\t\t\t<iframe\n\t\t\t\t\tdata-src=\"https:\/\/maps.google.com\/maps?q=46.464643%2C%2026.887810&#038;t=m&#038;z=13&#038;output=embed&#038;iwloc=near\"\n\t\t\t\t\ttitle=\"46.464643, 26.887810\"\n\t\t\t\t\taria-label=\"46.464643, 26.887810\"\n\t\t\t src=\"data:image\/gif;base64,R0lGODlhAQABAAAAACH5BAEKAAEALAAAAAABAAEAAAICTAEAOw==\" class=\"lazyload\" data-load-mode=\"1\"><\/iframe>\n\t\t<\/div>\n\t\t\t\t\t\t<\/div>\n\t\t\t\t<\/div>\n\t\t\t\t\t<\/div>\n\t\t<\/div>\n\t\t\t\t<div class=\"elementor-column elementor-col-50 elementor-top-column elementor-element elementor-element-ea3c063 custom-form\" data-id=\"ea3c063\" data-element_type=\"column\">\n\t\t\t<div class=\"elementor-widget-wrap elementor-element-populated\">\n\t\t\t\t\t\t<div class=\"elementor-element elementor-element-2860941 elementor-widget elementor-widget-heading\" data-id=\"2860941\" data-element_type=\"widget\" data-widget_type=\"heading.default\">\n\t\t\t\t<div class=\"elementor-widget-container\">\n\t\t\t\t\t<h2 class=\"elementor-heading-title elementor-size-default\">Date contact<\/h2>\t\t\t\t<\/div>\n\t\t\t\t<\/div>\n\t\t\t\t<div class=\"elementor-element elementor-element-90e69de elementor-widget elementor-widget-text-editor\" data-id=\"90e69de\" data-element_type=\"widget\" data-widget_type=\"text-editor.default\">\n\t\t\t\t<div class=\"elementor-widget-container\">\n\t\t\t\t\t\t\t\t\t<p>Telefon:\u00a00785 765 386<\/p><p>E-mail: vanzari@ticino-piese-auto.ro<\/p><p>Adresa:\u00a0VALEA SEACA, Str. STR. MOVILEI, Nr. 35, jude\u021b BAC\u0102U<\/p><p>\u00a0<\/p><p>\u00a0<\/p><p><strong>Date firm\u0103<\/strong><\/p><p>Nume: PIESE AUTO EMANOEMI S.R.L.<\/p><p>Num\u0103r \u00eenregistrare: J04\/483\/2024<\/p><p>CIF: 49797849<\/p><p>\u00a0<\/p>\t\t\t\t\t\t\t\t<\/div>\n\t\t\t\t<\/div>\n\t\t\t\t\t<\/div>\n\t\t<\/div>\n\t\t\t\t\t<\/div>\n\t\t<\/section>\n\t\t\t\t<\/div>\n\t\t","protected":false},"excerpt":{"rendered":"<p>Date contact Telefon:\u00a00785 765 386 E-mail: vanzari@ticino-piese-auto.ro Adresa:\u00a0VALEA SEACA, Str. STR. MOVILEI, Nr. 35, jude\u021b BAC\u0102U \u00a0 \u00a0 Date firm\u0103 Nume: PIESE AUTO EMANOEMI S.R.L. Num\u0103r \u00eenregistrare: J04\/483\/2024 CIF: 49797849 \u00a0<\/p>\n","protected":false},"author":1,"featured_media":0,"parent":0,"menu_order":0,"comment_status":"closed","ping_status":"closed","template":"","meta":{"footnotes":""},"class_list":["post-4544","page","type-page","status-publish","hentry"],"_links":{"self":[{"href":"https:\/\/ticino-piese-auto.ro\/index.php?rest_route=\/wp\/v2\/pages\/4544","targetHints":{"allow":["GET"]}}],"collection":[{"href":"https:\/\/ticino-piese-auto.ro\/index.php?rest_route=\/wp\/v2\/pages"}],"about":[{"href":"https:\/\/ticino-piese-auto.ro\/index.php?rest_route=\/wp\/v2\/types\/page"}],"author":[{"embeddable":true,"href":"https:\/\/ticino-piese-auto.ro\/index.php?rest_route=\/wp\/v2\/users\/1"}],"replies":[{"embeddable":true,"href":"https:\/\/ticino-piese-auto.ro\/index.php?rest_route=%2Fwp%2Fv2%2Fcomments&post=4544"}],"version-history":[{"count":4,"href":"https:\/\/ticino-piese-auto.ro\/index.php?rest_route=\/wp\/v2\/pages\/4544\/revisions"}],"predecessor-version":[{"id":6184,"href":"https:\/\/ticino-piese-auto.ro\/index.php?rest_route=\/wp\/v2\/pages\/4544\/revisions\/6184"}],"wp:attachment":[{"href":"https:\/\/ticino-piese-auto.ro\/index.php?rest_route=%2Fwp%2Fv2%2Fmedia&parent=4544"}],"curies":[{"name":"wp","href":"https:\/\/api.w.org\/{rel}","templated":true}]}}